 - 13495. Calculate k(85).
-660
Let f(l) = l**3 - 36*l**2 - 12*l - 16. Determine f(35).
-1661
Let g(w) = 2*w**2 + 426*w - 12355. Determine g(27).
605
Let w(n) = -n**3 + 100*n**2 + 771*n + 75. Calculate w(-7).
-79
Let m(x) = 1944*x - 11366. Determine m(6).
298
Let z(s) = 3*s**2 + 181*s - 1341. What is z(-67)?
-1
Let d(x) = -2*x**3 + 192*x**2 + 1417*x - 1974. Determine d(-8).
2
Let j(v) = -v**3 + 3*v**2 + 116*v + 24. Calculate j(15).
-936
Let i(z) = 10*z**3 + 65*z**2 + 13*z + 134. Give i(-6).
236
Let s(b) = -633*b - 6398. What is s(-10)?
-68
Let o(k) = -49*k**2 + 4785*k + 127. What is o(98)?
-1539
Let c(v) = -3973*v + 504548. Determine c(127).
-23
Let i(m) = m**2 + 27141*m - 135717. Give i(5).
13
Let i(g) = 23590*g + 1155931. Calculate i(-49).
21
Let u(m) = 3813*m**2 + 11436*m - 7. Give u(-3).
2
Let r(k) = -25*k**2 - 18235*k - 371905. What is r(-21)?
5
Let t(z) = -z**2 - 3571*z - 183107. Determine t(-52).
-119
Let z(h) = h**3 + 3315*h**2 + 88782*h + 163. Determine z(-27).
1
Let d(s) = -4*s**3 - 4112*s**2 - 38*s - 39018. Determine d(-1028).
46
Let d(n) = 3*n**2 - 137*n + 1240. Determine d(11).
96
Let d(a) = 3*a**2 + 376*a + 11041. Calculate d(-47).
-4
Let s(l) = 208*l - 118. Calculate s(2).
298
Let g(q) = 212*q**2 - 392*q - 787. What is g(-2)?
845
Let u(j) = 17*j**2 - 2714*j - 32840. Give u(171).
163
Let r(o) = -8931*o + 1169883. Determine r(131).
-78
Let h(f) = 51*f**3 - 5*f**2 + 27*f + 157. Give h(-3).
-1346
Let q(h) = -2*h**3 - 79*h**2 - 485*h - 203. Give q(-32).
-43
Let t(f) = -2*f**3 + 17*f**2 - 10971*f + 87710. What is t(8)?
6
Let c(s) = 3*s**2 + 596*s + 1895. Give c(-196).
327
Let l(c) = c**3 - 57*c**2 + 504*c - 38. Calculate l(46).
-130
Let r(w) = 1922*w**2 - 17207*w - 4. What is r(9)?
815
Let a(d) = -d**3 + 16*d**2 + 313*d - 95. Calculate a(-11).
-271
Let p(t) = -46*t**3 - 2*t**2 - 293*t + 291. Give p(1).
-50
Let l(r) = 2367*r + 12081. Calculate l(-5).
246
Let j(o) = -o**2 - 13752*o + 82572. Give j(6).
24
Let t(l) = -l**3 - 4*l**2 + 63*l - 119. Determine t(6).
-101
Let l(g) = 321*g + 7262. Give l(-21).
521
Let v(z) = 1043486*z + 14608829. Give v(-14).
25
Let a(j) = -j**3 - 112*j**2 - 2544*j + 1298. Determine a(-80).
18
Let s(r) = r**3 - r**2 - 102*r - 578. Calculate s(-7).
-256
Let v(b) = -437*b + 2986. What is v(7)?
-73
Let q(p) = -5*p**3 - 46*p**2 + 192*p + 1806. Calculate q(-9).
-3
Let y(z) = -3*z**3 - 206*z**2 + 498*z + 56. Calculate y(-71).
-15
Let v(k) = 18*k**2 + 37*k - 1067. Give v(-8).
-211
Let z(k) = -68*k**2 + 293*k - 136. Determine z(4).
-52
Let o(l) = 26893*l + 322719. Determine o(-12).
3
Let p(h) = -5*h**2 + 247*h - 101. Determine p(48).
235
Let s(r) = -4*r**2 + 225*r + 1232. Calculate s(62).
-194
Let q(o) = 220*o - 34709. What is q(157)?
-169
Let g(n) = -7*n**3 + 5*n**2 + 46*n + 11. Give g(-4).
355
Let z(n) = 17*n**2 - 650*n + 1403. Determine z(36).
35
Let g(u) = 2*u**3 - 10*u**2 - 166*u + 760. Calculate g(-9).
-14
Let v(z) = -z**3 - 2*z**2 + 28424*z + 170425. Determine v(-6).
25
Let u(f) = -4*f**2 + 31*f - 1152. Determine u(20).
-2132
Let a(d) = -569120*d - 11382395. Give a(-20).
5
Let d(n) = n**3 - 2*n**2 + 49*n - 393. What is d(8)?
383
Let v(q) = -1133030*q - 6798173. What is v(-6)?
7
Let n(l) = 19*l**2 + 1175*l - 7085. What is n(6)?
649
Let o(h) = 15*h**2 + 732*h + 14. What is o(-49)?
161
Let c(m) = -229*m - 4020. Calculate c(-19).
331
Let c(i) = 261*i + 44770. What is c(-171)?
139
Let f(y) = 15734*y - 2014029. Determine f(128).
-77
Let r(b) = -b**2 + 83*b - 638. What is r(9)?
28
Let w(l) = -41*l**2 + 47*l + 1645. Give w(7).
-35
Let w(k) = 7338*k - 1819819. What is w(248)?
5
Let o(h) = -405*h + 8470. Calculate o(20).
370
Let u(k) = -k**3 + 3*k**2 + 159*k - 1073. What is u(-15)?
592
Let g(d) = -1334*d + 9335. Give g(7).
-3
Let c(m) = 170*m**2 + 2709*m - 186. What is c(-16)?
-10
Let r(n) = -3668*n**2 + 572199*n + 1410. Calculate r(156).
6
Let l(p) = 1841*p + 71510. Give l(-39).
-289
Let y(g) = 8*g**2 - 3973*g + 78476. Calculate y(476).
-64
Let t(m) = -3300*m + 138644. Calculate t(42).
44
Let l(w) = -2606*w + 45991. Give l(18).
-917
Let l(i) = 773*i + 140742. What is l(-182)?
56
Let c(b) = -3*b**3 + 219*b**2 - 2870*b + 244. What is c(17)?
6
Let x(j) = 3*j**3 + 230*j**2 + 191*j + 2784. Give x(-76).
-180
Let w(f) = -f**3 + 94*f**2 - 1556*f - 38. Give w(22).
578
Let a(y) = -110*y**2 + y + 7. What is a(-5)?
-2748
Let l(c) = -282*c + 3978. Calculate l(6).
2286
Let x(o) = o**2 + 1278*o - 58307. Determine x(44).
-139
Let y(z) = z**2 + 10944*z - 120341. Determine y(11).
164
Let n(h) = 2*h**3 + 209*h**2 - 122*h - 807. Give n(-105).
978
Let u(r) = -769165*r + 1538319. Give u(2).
-11
Let x(z) = -2*z**2 + 673*z + 52660. What is x(402)?
-2
Let s(c) = -7281*c - 21806. Calculate s(-3).
37
Let h(q) = -34*q + 1992. What is h(33)?
870
Let h(c) = -165*c - 23570. What is h(-144)?
190
Let a(s) = -31*s - 3854. Calculate a(-106).
-568
Let w(h) = 2*h**2 - 114*h - 18022. What is w(128)?
154
Let i(r) = -r**3 + 18*r**2 - 58*r - 35. Calculate i(23).
-4014
Let b(p) = -p**2 + 16786*p + 50369. Give b(-3).
2
Let i(w) = -w**3 + 644*w**2 - 6972*w + 5706. Calculate i(633).
9
Let c(w) = w**2 - 1848*w - 22292. Calculate c(-12).
28
Let x(t) = 10*t**2 - 372*t - 3114. Give x(-7).
-20
Let m(d) = 30635*d - 2205729. Calculate m(72).
-9
Let k(c) = c**3 + 99*c**2 - 2087*c - 349. Calculate k(18).
-7
Let p(x) = -407*x + 791. Determine p(7).
-2058
Let o(y) = -15219*y - 33541. Calculate o(-2).
-3103
Let u(f) = 9*f**2 + 2297*f - 8895. What is u(-259)?
-89
Let h(j) = 181*j + 841. Determine h(-4).
117
Let g(f) = 4*f**2 + 249*f - 2644. Give g(10).
246
Let k(s) = -3*s**3 + 2*s**2 + 86*s - 211. What is k(3)?
-16
Let l(w) = -37830*w + 75671. Give l(2).
11
Let n(r) = -41987*r + 41958. Give n(1).
-29
Let y(j) = 6*j**3 + 852*j**2 - 2*j - 1214. Calculate y(-142).
-930
Let g(k) = 3913*k + 51215. What is g(-13)?
346
Let t(x) = x**3 - 214*x**2 - 441*x - 45558. Determine t(217).
12
Let n(w) = -26*w**2 + 342*w - 79. What is n(13)?
-27
Let h(g) = 7*g**3 - 3997*g**2 + 65929*g - 1634. What is h(554)?
28
Let j(a) = -3*a**3 + 912*a**2 + 1838*a - 606. What is j(306)?
6
Let l(r) = 192*r**2 - 1844*r + 903. What is l(9)?
-141
Let d(k) = -2*k**3 - 84*k**2 - 282*k - 374. What is d(-38)?
-1210
Let g(o) = -o**3 + 62*o**2 + 704*o + 708. Determine g(72).
-444
Let f(t) = t**3 - 104*t**2 + 1846*t + 24646. Give f(75).
-29
Let y(t) = -2*t**2 - 14*t + 138859. Determine y(-267).
19
Let l(g) = 18*g + 1021. What is l(-18)?
697
Let b(m) = m**3 + 33*m**2 - 228*m - 2958. Give b(-37).
2
Let t(l) = 793*l**2 + 1122097*l + 2820. Calculate t(-1415).
-10
Let s(r) = r**3 - 8*r**2 + 118*r - 2013. Calculate s(12).
-21
Let d(b) = -2*b**2 + 1872*b + 1153265. What is d(-424)?
-15
Let h(j) = -1429178*j - 7145889. Give h(-5).
1
Let i(m) = -14309072*m - 6. Calculate i(0).
-6
Let p(z) = -19*z**2 + 75*z + 990. What is p(-10)?
-1660
Let p(h) = 348*h - 3407. Determine p(9).
-275
Let u(y) = -3*y**3 - 65*y**2 + 24*y + 959. What is u(-21)?
-427
Let a(k) = -141*k - 19605. Give a(-139).
-6
Let n(w) = -735*w**2 + 133772*w - 348. Determine n(182).
16
Let h(a) = 399*a**2 - 1174*a - 69. What is h(3)?
0
Let d(u) = -u**3 - 172*u**2 - 997*u - 333117. Determine d(-177).
-3
Let q(w) = w**3 - 216*w**2 + 1066*w - 2339. Give q(211).
-18
Let w(k) = -k + 111. Calculate w(3).
108
Let i(z) = 31*z**3 + 1395*z**2 - 22*z - 995. Determine i(-45).
-5
Let f(h) = 8*h**3 - 304*h**2 + h - 89. Determine f(38).
-51
Let o(l) = 52*l**3 + 102*l**2 - 8*l + 8. What is o(-2)?
16
Let u(j) = 3*j**3 - 350*j**2 + 242*j - 731. Give u(116).
429
Let r(j) = -603*j + 213383. Determine r(354).
-79
Let v(w) = 16*w**2 + 1648*w - 8649. Calculate v(-108).
-9
Let k(r) = -305*r - 49374. Calculate k(-162).
36
Let a(q) = -q**3 - 163*q**2 + 11974*q + 825. Determine a(55).
-55
Let i(t) = -2*t**3 + 289*t**2 + 139*t + 910. Determine i(145).
40
Let c(n) = -100441*n - 602633. Give c(-6).
13
Let r(x) = -9156*x - 851574. Determine r(-93).
-66
Let n(t) = -60*t**2 + 660*t - 70. Calculate n(11).
-70
Let g(i) = 709*i + 2518. Determine g(-2).
1100
Let z(w) = 451*w**2 + 14910*w + 883. Determine z(-33).
-8
Let o(d) = -2*d**2 + 149*d + 795. Determine o(-6).
-171
Let y(r) = -r**2 - 3447*r + 435413. Calculate y(122).
-5
Let o(f) = 63*f + 1099. Determine o(-17).
28
Let i(y) = y**3 + 33*y**2 - 550*y